{"id":478,"date":"2019-04-09T12:15:36","date_gmt":"2019-04-09T12:15:36","guid":{"rendered":"https:\/\/hotel-windeck.de\/?page_id=478"},"modified":"2023-03-09T11:54:00","modified_gmt":"2023-03-09T11:54:00","slug":"partyservice","status":"publish","type":"page","link":"https:\/\/hotel-windeck.de\/?page_id=478","title":{"rendered":"Partyservice"},"content":{"rendered":"\t\t<div data-elementor-type=\"wp-page\" data-elementor-id=\"478\" class=\"elementor elementor-478\">\n\t\t\t\t\t\t<section class=\"elementor-section elementor-top-section elementor-element elementor-element-739b685 elementor-section-stretched elementor-section-boxed elementor-section-height-default elementor-section-height-default\" data-id=\"739b685\" data-element_type=\"section\" data-settings=\"{&quot;stretch_section&quot;:&quot;section-stretched&quot;,&quot;background_background&quot;:&quot;classic&quot;}\">\n\t\t\t\t\t\t\t<div class=\"elementor-background-overlay\"><\/div>\n\t\t\t\t\t\t\t<div class=\"elementor-container elementor-column-gap-default\">\n\t\t\t\t\t<div class=\"elementor-column elementor-col-100 elementor-top-column elementor-element elementor-element-ed59fa8\" data-id=\"ed59fa8\" data-element_type=\"column\" data-settings=\"{&quot;background_background&quot;:&quot;classic&quot;}\">\n\t\t\t<div class=\"elementor-widget-wrap elementor-element-populated\">\n\t\t\t\t\t\t<div class=\"elementor-element elementor-element-932a0b4 elementor-widget-divider--view-line elementor-widget elementor-widget-divider\" data-id=\"932a0b4\" data-element_type=\"widget\" data-widget_type=\"divider.default\">\n\t\t\t\t<div class=\"elementor-widget-container\">\n\t\t\t\t\t\t\t<div class=\"elementor-divider\">\n\t\t\t<span class=\"elementor-divider-separator\">\n\t\t\t\t\t\t<\/span>\n\t\t<\/div>\n\t\t\t\t\t\t<\/div>\n\t\t\t\t<\/div>\n\t\t\t\t<div class=\"elementor-element elementor-element-695e1f4 elementor-widget elementor-widget-text-editor\" data-id=\"695e1f4\" data-element_type=\"widget\" data-widget_type=\"text-editor.default\">\n\t\t\t\t<div class=\"elementor-widget-container\">\n\t\t\t\t\t\t\t\t\t<h1 style=\"text-align: center;\"><span style=\"font-size: 36pt;\">Unser\u00a0 Partyservice\u00a0 f\u00fcr\u00a0 Sie<br \/><\/span><\/h1>\t\t\t\t\t\t\t\t<\/div>\n\t\t\t\t<\/div>\n\t\t\t\t<div class=\"elementor-element elementor-element-3cc9d9c elementor-widget elementor-widget-text-editor\" data-id=\"3cc9d9c\" data-element_type=\"widget\" data-widget_type=\"text-editor.default\">\n\t\t\t\t<div class=\"elementor-widget-container\">\n\t\t\t\t\t\t\t\t\t<p style=\"text-align: center;\">Wir bieten Ihnen ein Catering der besonderen Art. Stellen Sie sich ihr Wunschmen\u00fc zusammen und den Rest erledigen wir f\u00fcr Sie. Gerne ist der K\u00fcchenchef f\u00fcr Sie da und ber\u00e4t Sie gerne. Wir w\u00fcnschen<strong> Guten Appetit<\/strong>.<\/p>\t\t\t\t\t\t\t\t<\/div>\n\t\t\t\t<\/div>\n\t\t\t\t<div class=\"elementor-element elementor-element-b4771e8 elementor-widget elementor-widget-image-carousel\" data-id=\"b4771e8\" data-element_type=\"widget\" data-settings=\"{&quot;slides_to_show&quot;:&quot;3&quot;,&quot;navigation&quot;:&quot;none&quot;,&quot;autoplay&quot;:&quot;yes&quot;,&quot;pause_on_hover&quot;:&quot;yes&quot;,&quot;pause_on_interaction&quot;:&quot;yes&quot;,&quot;autoplay_speed&quot;:5000,&quot;infinite&quot;:&quot;yes&quot;,&quot;speed&quot;:500}\" data-widget_type=\"image-carousel.default\">\n\t\t\t\t<div class=\"elementor-widget-container\">\n\t\t\t\t\t\t\t<div class=\"elementor-image-carousel-wrapper swiper\" role=\"region\" aria-roledescription=\"carousel\" aria-label=\"Bild Karussell\" dir=\"ltr\">\n\t\t\t<div class=\"elementor-image-carousel swiper-wrapper\" aria-live=\"off\">\n\t\t\t\t\t\t\t\t<div class=\"swiper-slide\" role=\"group\" aria-roledescription=\"slide\" aria-label=\"1 von 3\"><a data-elementor-open-lightbox=\"yes\" data-elementor-lightbox-slideshow=\"b4771e8\" data-elementor-lightbox-title=\"appetizer-1238615_640\" data-e-action-hash=\"#elementor-action%3Aaction%3Dlightbox%26settings%3DeyJpZCI6NzQ4LCJ1cmwiOiJodHRwczpcL1wvaG90ZWwtd2luZGVjay5kZVwvd3AtY29udGVudFwvdXBsb2Fkc1wvMjAyMFwvMDFcL2FwcGV0aXplci0xMjM4NjE1XzY0MC5qcGciLCJzbGlkZXNob3ciOiJiNDc3MWU4In0%3D\" href=\"https:\/\/hotel-windeck.de\/wp-content\/uploads\/2020\/01\/appetizer-1238615_640.jpg\"><figure class=\"swiper-slide-inner\"><img decoding=\"async\" class=\"swiper-slide-image\" src=\"https:\/\/hotel-windeck.de\/wp-content\/uploads\/elementor\/thumbs\/appetizer-1238615_640-r8ig3kcxgcyngr85o7gzt9td12d0wciix6woo02og8.jpg\" alt=\"appetizer-1238615_640\" \/><\/figure><\/a><\/div><div class=\"swiper-slide\" role=\"group\" aria-roledescription=\"slide\" aria-label=\"2 von 3\"><a data-elementor-open-lightbox=\"yes\" data-elementor-lightbox-slideshow=\"b4771e8\" data-elementor-lightbox-title=\"catering-2778755_640\" data-e-action-hash=\"#elementor-action%3Aaction%3Dlightbox%26settings%3DeyJpZCI6NzQ5LCJ1cmwiOiJodHRwczpcL1wvaG90ZWwtd2luZGVjay5kZVwvd3AtY29udGVudFwvdXBsb2Fkc1wvMjAyMFwvMDFcL2NhdGVyaW5nLTI3Nzg3NTVfNjQwLmpwZyIsInNsaWRlc2hvdyI6ImI0NzcxZTgifQ%3D%3D\" href=\"https:\/\/hotel-windeck.de\/wp-content\/uploads\/2020\/01\/catering-2778755_640.jpg\"><figure class=\"swiper-slide-inner\"><img decoding=\"async\" class=\"swiper-slide-image\" src=\"https:\/\/hotel-windeck.de\/wp-content\/uploads\/elementor\/thumbs\/catering-2778755_640-r8ig3p24ej532t1bwri4nqmnzzpuyu16lu642dvpl4.jpg\" alt=\"catering-2778755_640\" \/><\/figure><\/a><\/div><div class=\"swiper-slide\" role=\"group\" aria-roledescription=\"slide\" aria-label=\"3 von 3\"><a data-elementor-open-lightbox=\"yes\" data-elementor-lightbox-slideshow=\"b4771e8\" data-elementor-lightbox-title=\"food-platter-2175326_640\" data-e-action-hash=\"#elementor-action%3Aaction%3Dlightbox%26settings%3DeyJpZCI6NzUwLCJ1cmwiOiJodHRwczpcL1wvaG90ZWwtd2luZGVjay5kZVwvd3AtY29udGVudFwvdXBsb2Fkc1wvMjAyMFwvMDFcL2Zvb2QtcGxhdHRlci0yMTc1MzI2XzY0MC5qcGciLCJzbGlkZXNob3ciOiJiNDc3MWU4In0%3D\" href=\"https:\/\/hotel-windeck.de\/wp-content\/uploads\/2020\/01\/food-platter-2175326_640.jpg\"><figure class=\"swiper-slide-inner\"><img decoding=\"async\" class=\"swiper-slide-image\" src=\"https:\/\/hotel-windeck.de\/wp-content\/uploads\/elementor\/thumbs\/food-platter-2175326_640-r8ig3trbcpbiouui5bj9i7fyyx2p1bjuahfjgroqq0.jpg\" alt=\"food-platter-2175326_640\" \/><\/figure><\/a><\/div>\t\t\t<\/div>\n\t\t\t\t\t\t\t\n\t\t\t\t\t\t\t\t\t<\/div>\n\t\t\t\t\t\t<\/div>\n\t\t\t\t<\/div>\n\t\t\t\t\t<\/div>\n\t\t<\/div>\n\t\t\t\t\t<\/div>\n\t\t<\/section>\n\t\t\t\t<section class=\"elementor-section elementor-top-section elementor-element elementor-element-7f0bf37a elementor-section-boxed elementor-section-height-default elementor-section-height-default\" data-id=\"7f0bf37a\" data-element_type=\"section\">\n\t\t\t\t\t\t<div class=\"elementor-container elementor-column-gap-default\">\n\t\t\t\t\t<div class=\"elementor-column elementor-col-100 elementor-top-column elementor-element elementor-element-5de96bf7\" data-id=\"5de96bf7\" data-element_type=\"column\">\n\t\t\t<div class=\"elementor-widget-wrap elementor-element-populated\">\n\t\t\t\t\t\t<div class=\"elementor-element elementor-element-73b71b72 elementor-widget elementor-widget-text-editor\" data-id=\"73b71b72\" data-element_type=\"widget\" data-widget_type=\"text-editor.default\">\n\t\t\t\t<div class=\"elementor-widget-container\">\n\t\t\t\t\t\t\t\t\t<p style=\"text-align: center;\"><span style=\"color: #333333; font-size: 12pt;\">Aufgrund hoher Besucherzahlen an <strong>Sonn- und Feiertagen<\/strong>, bieten wir Ihnen, um es jedem so angenehm wie m\u00f6glich zu machen und es nicht zu langen Wartezeiten kommt, eine <strong>reduzierte Speisekarte<\/strong> sowie ein <strong>Sonntagsmen\u00fc<\/strong> an. Unsere <strong>saisonalen Gerichte<\/strong> erfreuen sich immer gr\u00f6\u00dferer Beliebtheit.<br \/><\/span><\/p><p style=\"text-align: center;\"><span style=\"font-size: 12pt;\"><strong><span style=\"color: #b28b29;\">In K\u00fcrze finden Sie hier eine Auswahl an Catering Men\u00fcs.<br \/><\/span><\/strong><\/span><\/p>\t\t\t\t\t\t\t\t<\/div>\n\t\t\t\t<\/div>\n\t\t\t\t\t<\/div>\n\t\t<\/div>\n\t\t\t\t\t<\/div>\n\t\t<\/section>\n\t\t\t\t<\/div>\n\t\t","protected":false},"excerpt":{"rendered":"<p>Unser&nbsp; Partyservice&nbsp; f\u00fcr&nbsp; Sie Wir bieten Ihnen ein Catering der besonderen Art. Stellen Sie sich ihr Wunschmen\u00fc zusammen und den Rest erledigen wir f\u00fcr Sie. Gerne ist der K\u00fcchenchef f\u00fcr Sie da und ber\u00e4t Sie gerne. Wir w\u00fcnschen Guten Appetit. Aufgrund hoher Besucherzahlen an Sonn- und Feiertagen, bieten wir Ihnen, um es jedem so angenehm [&hellip;]<\/p>\n","protected":false},"author":2,"featured_media":0,"parent":12,"menu_order":1,"comment_status":"closed","ping_status":"closed","template":"elementor_header_footer","meta":{"footnotes":""},"class_list":["post-478","page","type-page","status-publish","hentry"],"_links":{"self":[{"href":"https:\/\/hotel-windeck.de\/index.php?rest_route=\/wp\/v2\/pages\/478","targetHints":{"allow":["GET"]}}],"collection":[{"href":"https:\/\/hotel-windeck.de\/index.php?rest_route=\/wp\/v2\/pages"}],"about":[{"href":"https:\/\/hotel-windeck.de\/index.php?rest_route=\/wp\/v2\/types\/page"}],"author":[{"embeddable":true,"href":"https:\/\/hotel-windeck.de\/index.php?rest_route=\/wp\/v2\/users\/2"}],"replies":[{"embeddable":true,"href":"https:\/\/hotel-windeck.de\/index.php?rest_route=%2Fwp%2Fv2%2Fcomments&post=478"}],"version-history":[{"count":0,"href":"https:\/\/hotel-windeck.de\/index.php?rest_route=\/wp\/v2\/pages\/478\/revisions"}],"up":[{"embeddable":true,"href":"https:\/\/hotel-windeck.de\/index.php?rest_route=\/wp\/v2\/pages\/12"}],"wp:attachment":[{"href":"https:\/\/hotel-windeck.de\/index.php?rest_route=%2Fwp%2Fv2%2Fmedia&parent=478"}],"curies":[{"name":"wp","href":"https:\/\/api.w.org\/{rel}","templated":true}]}}