{"id":7359,"date":"2023-03-09T11:20:44","date_gmt":"2023-03-09T11:20:44","guid":{"rendered":"https:\/\/hotel-windeck.de\/?page_id=7359"},"modified":"2024-02-09T19:47:22","modified_gmt":"2024-02-09T18:47:22","slug":"zimmerreservierung","status":"publish","type":"page","link":"https:\/\/hotel-windeck.de\/?page_id=7359","title":{"rendered":"Reservierung \/ Preise"},"content":{"rendered":"\t\t<div data-elementor-type=\"wp-page\" data-elementor-id=\"7359\" class=\"elementor elementor-7359\">\n\t\t\t\t\t\t<section class=\"elementor-section elementor-top-section elementor-element elementor-element-2fac56a elementor-section-boxed elementor-section-height-default elementor-section-height-default\" data-id=\"2fac56a\" data-element_type=\"section\">\n\t\t\t\t\t\t<div class=\"elementor-container elementor-column-gap-default\">\n\t\t\t\t\t<div class=\"elementor-column elementor-col-100 elementor-top-column elementor-element elementor-element-24e4df6\" data-id=\"24e4df6\" data-element_type=\"column\">\n\t\t\t<div class=\"elementor-widget-wrap elementor-element-populated\">\n\t\t\t\t\t\t<div class=\"elementor-element elementor-element-d66bd12 elementor-widget elementor-widget-text-editor\" data-id=\"d66bd12\" data-element_type=\"widget\" data-widget_type=\"text-editor.default\">\n\t\t\t\t<div class=\"elementor-widget-container\">\n\t\t\t\t\t\t\t\t\t<h1><span style=\"font-size: 36pt;\">Anfrage\u00a0 Reservierung<\/span><\/h1>\t\t\t\t\t\t\t\t<\/div>\n\t\t\t\t<\/div>\n\t\t\t\t\t<\/div>\n\t\t<\/div>\n\t\t\t\t\t<\/div>\n\t\t<\/section>\n\t\t\t\t<section class=\"elementor-section elementor-top-section elementor-element elementor-element-9fb26ba elementor-section-boxed elementor-section-height-default elementor-section-height-default\" data-id=\"9fb26ba\" data-element_type=\"section\">\n\t\t\t\t\t\t<div class=\"elementor-container elementor-column-gap-default\">\n\t\t\t\t\t<div class=\"elementor-column elementor-col-100 elementor-top-column elementor-element elementor-element-3aa81bf\" data-id=\"3aa81bf\" data-element_type=\"column\">\n\t\t\t<div class=\"elementor-widget-wrap elementor-element-populated\">\n\t\t\t\t\t\t<div class=\"elementor-element elementor-element-f05eb37 elementor-widget elementor-widget-text-editor\" data-id=\"f05eb37\" data-element_type=\"widget\" data-widget_type=\"text-editor.default\">\n\t\t\t\t<div class=\"elementor-widget-container\">\n\t\t\t\t\t\t\t\t\t<p>Die mit einem Stern <span style=\"color: #ff0000;\">*<\/span> markierten Felder sind Pflichtfelder. Unter weitere Details hinzuf\u00fcgen, k\u00f6nnen Sie uns \u00fcber weitere W\u00fcnsche informieren. Wir melden uns umgehend bei Ihnen.<\/p>\t\t\t\t\t\t\t\t<\/div>\n\t\t\t\t<\/div>\n\t\t\t\t\t<\/div>\n\t\t<\/div>\n\t\t\t\t\t<\/div>\n\t\t<\/section>\n\t\t\t\t<section class=\"elementor-section elementor-top-section elementor-element elementor-element-e39b13f elementor-section-boxed elementor-section-height-default elementor-section-height-default\" data-id=\"e39b13f\" data-element_type=\"section\">\n\t\t\t\t\t\t<div class=\"elementor-container elementor-column-gap-default\">\n\t\t\t\t\t<div class=\"elementor-column elementor-col-100 elementor-top-column elementor-element elementor-element-793a590\" data-id=\"793a590\" data-element_type=\"column\">\n\t\t\t<div class=\"elementor-widget-wrap elementor-element-populated\">\n\t\t\t\t\t\t<div class=\"elementor-element elementor-element-7a08b50 elementor-invisible elementor-widget elementor-widget-shortcode\" data-id=\"7a08b50\" data-element_type=\"widget\" data-settings=\"{&quot;_animation&quot;:&quot;zoomIn&quot;}\" data-widget_type=\"shortcode.default\">\n\t\t\t\t<div class=\"elementor-widget-container\">\n\t\t\t\t\t\t\t<div class=\"elementor-shortcode\"><div id=\"rnef_69e7718c1e9c9\" class=\"RNEasyFormContainer\" data-varid=\"69e7718c1e9c9\"><\/div><\/div>\n\t\t\t\t\t\t<\/div>\n\t\t\t\t<\/div>\n\t\t\t\t\t<\/div>\n\t\t<\/div>\n\t\t\t\t\t<\/div>\n\t\t<\/section>\n\t\t\t\t<section class=\"elementor-section elementor-top-section elementor-element elementor-element-478022f elementor-section-boxed elementor-section-height-default elementor-section-height-default\" data-id=\"478022f\" data-element_type=\"section\">\n\t\t\t\t\t\t<div class=\"elementor-container elementor-column-gap-default\">\n\t\t\t\t\t<div class=\"elementor-column elementor-col-50 elementor-top-column elementor-element elementor-element-9b12da6\" data-id=\"9b12da6\" data-element_type=\"column\">\n\t\t\t<div class=\"elementor-widget-wrap elementor-element-populated\">\n\t\t\t\t\t\t<div class=\"elementor-element elementor-element-bedba53 elementor-widget elementor-widget-spacer\" data-id=\"bedba53\" data-element_type=\"widget\" data-widget_type=\"spacer.default\">\n\t\t\t\t<div class=\"elementor-widget-container\">\n\t\t\t\t\t\t\t<div class=\"elementor-spacer\">\n\t\t\t<div class=\"elementor-spacer-inner\"><\/div>\n\t\t<\/div>\n\t\t\t\t\t\t<\/div>\n\t\t\t\t<\/div>\n\t\t\t\t<div class=\"elementor-element elementor-element-72f5cd8 elementor-widget elementor-widget-text-editor\" data-id=\"72f5cd8\" data-element_type=\"widget\" data-widget_type=\"text-editor.default\">\n\t\t\t\t<div class=\"elementor-widget-container\">\n\t\t\t\t\t\t\t\t\t<p style=\"text-align: center;\">Unsere Preisliste 2024<\/p><p><a href=\"\/wp-content\/uploads\/2024\/01\/HOTEL-Preisliste-Zimmer-2024-Internet.pdf\" target=\"_blank\" rel=\"noopener\"><img fetchpriority=\"high\" decoding=\"async\" class=\"alignnone wp-image-385 size-medium\" src=\"https:\/\/hotel-windeck.de\/wp-content\/uploads\/2019\/01\/Preisliste-300x235.png\" alt=\"\" width=\"300\" height=\"235\" srcset=\"https:\/\/hotel-windeck.de\/wp-content\/uploads\/2019\/01\/Preisliste-300x235.png 300w, https:\/\/hotel-windeck.de\/wp-content\/uploads\/2019\/01\/Preisliste.png 600w\" sizes=\"(max-width: 300px) 100vw, 300px\" \/><\/a><\/p>\t\t\t\t\t\t\t\t<\/div>\n\t\t\t\t<\/div>\n\t\t\t\t\t<\/div>\n\t\t<\/div>\n\t\t\t\t<div class=\"elementor-column elementor-col-50 elementor-top-column elementor-element elementor-element-533512e\" data-id=\"533512e\" data-element_type=\"column\">\n\t\t\t<div class=\"elementor-widget-wrap elementor-element-populated\">\n\t\t\t\t\t\t<div class=\"elementor-element elementor-element-0beaae5 elementor-widget elementor-widget-spacer\" data-id=\"0beaae5\" data-element_type=\"widget\" data-widget_type=\"spacer.default\">\n\t\t\t\t<div class=\"elementor-widget-container\">\n\t\t\t\t\t\t\t<div class=\"elementor-spacer\">\n\t\t\t<div class=\"elementor-spacer-inner\"><\/div>\n\t\t<\/div>\n\t\t\t\t\t\t<\/div>\n\t\t\t\t<\/div>\n\t\t\t\t<div class=\"elementor-element elementor-element-5495cec elementor-widget elementor-widget-text-editor\" data-id=\"5495cec\" data-element_type=\"widget\" data-widget_type=\"text-editor.default\">\n\t\t\t\t<div class=\"elementor-widget-container\">\n\t\t\t\t\t\t\t\t\t<p style=\"text-align: center;\">Unsere Visitenkarte<br \/><br \/><a href=\"\/wp-content\/uploads\/2018\/12\/Visitenkarte.jpg\" target=\"_blank\" rel=\"noopener\"><img decoding=\"async\" class=\"alignnone wp-image-292 size-medium\" src=\"https:\/\/hotel-windeck.de\/wp-content\/uploads\/2018\/12\/Visitenkarte-300x235.jpg\" alt=\"\" width=\"300\" height=\"235\" srcset=\"https:\/\/hotel-windeck.de\/wp-content\/uploads\/2018\/12\/Visitenkarte-300x235.jpg 300w, https:\/\/hotel-windeck.de\/wp-content\/uploads\/2018\/12\/Visitenkarte-768x601.jpg 768w, https:\/\/hotel-windeck.de\/wp-content\/uploads\/2018\/12\/Visitenkarte.jpg 996w\" sizes=\"(max-width: 300px) 100vw, 300px\" \/><\/a><\/p>\t\t\t\t\t\t\t\t<\/div>\n\t\t\t\t<\/div>\n\t\t\t\t\t<\/div>\n\t\t<\/div>\n\t\t\t\t\t<\/div>\n\t\t<\/section>\n\t\t\t\t<\/div>\n\t\t","protected":false},"excerpt":{"rendered":"<p>Anfrage\u00a0 Reservierung Die mit einem Stern * markierten Felder sind Pflichtfelder. Unter weitere Details hinzuf\u00fcgen, k\u00f6nnen Sie uns \u00fcber weitere W\u00fcnsche informieren. Wir melden uns umgehend bei Ihnen. Unsere Preisliste 2024 Unsere Visitenkarte<\/p>\n","protected":false},"author":2,"featured_media":0,"parent":10,"menu_order":1,"comment_status":"closed","ping_status":"closed","template":"elementor_header_footer","meta":{"footnotes":""},"class_list":["post-7359","page","type-page","status-publish","hentry"],"_links":{"self":[{"href":"https:\/\/hotel-windeck.de\/index.php?rest_route=\/wp\/v2\/pages\/7359","targetHints":{"allow":["GET"]}}],"collection":[{"href":"https:\/\/hotel-windeck.de\/index.php?rest_route=\/wp\/v2\/pages"}],"about":[{"href":"https:\/\/hotel-windeck.de\/index.php?rest_route=\/wp\/v2\/types\/page"}],"author":[{"embeddable":true,"href":"https:\/\/hotel-windeck.de\/index.php?rest_route=\/wp\/v2\/users\/2"}],"replies":[{"embeddable":true,"href":"https:\/\/hotel-windeck.de\/index.php?rest_route=%2Fwp%2Fv2%2Fcomments&post=7359"}],"version-history":[{"count":0,"href":"https:\/\/hotel-windeck.de\/index.php?rest_route=\/wp\/v2\/pages\/7359\/revisions"}],"up":[{"embeddable":true,"href":"https:\/\/hotel-windeck.de\/index.php?rest_route=\/wp\/v2\/pages\/10"}],"wp:attachment":[{"href":"https:\/\/hotel-windeck.de\/index.php?rest_route=%2Fwp%2Fv2%2Fmedia&parent=7359"}],"curies":[{"name":"wp","href":"https:\/\/api.w.org\/{rel}","templated":true}]}}